{"id":576,"date":"2025-12-18T14:15:52","date_gmt":"2025-12-18T14:15:52","guid":{"rendered":"https:\/\/www.ordi.com\/?post_type=product&#038;p=576"},"modified":"2025-12-19T13:33:20","modified_gmt":"2025-12-19T13:33:20","slug":"boitier-antec-elite-501","status":"publish","type":"product","link":"https:\/\/www.ordi.com\/index.php\/produit\/boitier-antec-elite-501\/","title":{"rendered":"Boitier Antec Elite 501"},"content":{"rendered":"<p data-start=\"167\" data-end=\"614\">Le bo\u00eetier Antec Elite 501 est un moyen tour (Mid Tower) \u00e9l\u00e9gant et fonctionnel, id\u00e9al pour les configurations gaming et desktop. Il dispose d\u2019une fen\u00eatre en verre tremp\u00e9, de filtres anti-poussi\u00e8re amovibles et d\u2019un support pour refroidissement watercooling. Son format permet d\u2019accueillir facilement cartes m\u00e8res ATX, GPU et syst\u00e8mes de stockage vari\u00e9s tout en assurant une circulation d\u2019air optimale.<\/p>\n","protected":false},"excerpt":{"rendered":"<p>Le bo\u00eetier Antec Elite 501 est un moyen tour (Mid Tower) \u00e9l\u00e9gant et fonctionnel, id\u00e9al pour les configurations gaming et desktop. Il dispose d\u2019une fen\u00eatre en verre tremp\u00e9, de filtres anti-poussi\u00e8re amovibles et d\u2019un support pour refroidissement watercooling. Son format permet d\u2019accueillir facilement cartes m\u00e8res ATX, GPU et syst\u00e8mes de stockage vari\u00e9s tout en assurant [&hellip;]<\/p>\n","protected":false},"featured_media":0,"template":"","meta":[],"product_brand":[225],"product_cat":[224],"product_tag":[],"class_list":{"0":"post-576","1":"product","2":"type-product","3":"status-publish","5":"product_brand-antec","6":"product_cat-composants","8":"first","9":"instock","10":"taxable","11":"shipping-taxable","12":"product-type-simple"},"_links":{"self":[{"href":"https:\/\/www.ordi.com\/index.php\/wp-json\/wp\/v2\/product\/576","targetHints":{"allow":["GET"]}}],"collection":[{"href":"https:\/\/www.ordi.com\/index.php\/wp-json\/wp\/v2\/product"}],"about":[{"href":"https:\/\/www.ordi.com\/index.php\/wp-json\/wp\/v2\/types\/product"}],"wp:attachment":[{"href":"https:\/\/www.ordi.com\/index.php\/wp-json\/wp\/v2\/media?parent=576"}],"wp:term":[{"taxonomy":"product_brand","embeddable":true,"href":"https:\/\/www.ordi.com\/index.php\/wp-json\/wp\/v2\/product_brand?post=576"},{"taxonomy":"product_cat","embeddable":true,"href":"https:\/\/www.ordi.com\/index.php\/wp-json\/wp\/v2\/product_cat?post=576"},{"taxonomy":"product_tag","embeddable":true,"href":"https:\/\/www.ordi.com\/index.php\/wp-json\/wp\/v2\/product_tag?post=576"}],"curies":[{"name":"wp","href":"https:\/\/api.w.org\/{rel}","templated":true}]}}