{"id":774,"date":"2026-02-11T10:06:16","date_gmt":"2026-02-11T10:06:16","guid":{"rendered":"https:\/\/www.ordi.com\/?post_type=product&#038;p=774"},"modified":"2026-02-11T11:08:45","modified_gmt":"2026-02-11T11:08:45","slug":"silent-wireless-combo-mk295-logitech","status":"publish","type":"product","link":"https:\/\/www.ordi.com\/index.php\/produit\/silent-wireless-combo-mk295-logitech\/","title":{"rendered":"Silent Wireless Combo MK295 Logitech"},"content":{"rendered":"<p>ensemble clavier et souris silencieux et sans fil. dot\u00e9 de la technologie SilentTouch qui r\u00e9duit de 90% les bruits de clavier et souris. B\u00e9n\u00e9ficiez de la m\u00eame sensation de frappe que les ensembles les plus vendu sans \u00eatre perturber par les bruits de frappe et de clic. Un vrai plus pour le confort et le travaille dans des lieus publics, ouverts.<\/p>\n<p>Caract\u00e9ristiques :<\/p>\n<ul>\n<li>Clavier azerty<\/li>\n<li>Sans fil avec r\u00e9cepteur USB<\/li>\n<li>Pav\u00e9 num\u00e9rique<\/li>\n<li>Alimentation par piles (incluses)<\/li>\n<\/ul>\n","protected":false},"excerpt":{"rendered":"<p>ensemble clavier et souris silencieux et sans fil. dot\u00e9 de la technologie SilentTouch qui r\u00e9duit de 90% les bruits de clavier et souris. B\u00e9n\u00e9ficiez de la m\u00eame sensation de frappe que les ensembles les plus vendu sans \u00eatre perturber par les bruits de frappe et de clic. Un vrai plus pour le confort et le [&hellip;]<\/p>\n","protected":false},"featured_media":776,"template":"","meta":[],"product_brand":[255],"product_cat":[30,258,29],"product_tag":[],"class_list":{"0":"post-774","1":"product","2":"type-product","3":"status-publish","4":"has-post-thumbnail","6":"product_brand-logitech","7":"product_cat-claviers","8":"product_cat-peripheriques","9":"product_cat-souris","11":"first","12":"instock","13":"taxable","14":"shipping-taxable","15":"purchasable","16":"product-type-simple"},"_links":{"self":[{"href":"https:\/\/www.ordi.com\/index.php\/wp-json\/wp\/v2\/product\/774","targetHints":{"allow":["GET"]}}],"collection":[{"href":"https:\/\/www.ordi.com\/index.php\/wp-json\/wp\/v2\/product"}],"about":[{"href":"https:\/\/www.ordi.com\/index.php\/wp-json\/wp\/v2\/types\/product"}],"wp:featuredmedia":[{"embeddable":true,"href":"https:\/\/www.ordi.com\/index.php\/wp-json\/wp\/v2\/media\/776"}],"wp:attachment":[{"href":"https:\/\/www.ordi.com\/index.php\/wp-json\/wp\/v2\/media?parent=774"}],"wp:term":[{"taxonomy":"product_brand","embeddable":true,"href":"https:\/\/www.ordi.com\/index.php\/wp-json\/wp\/v2\/product_brand?post=774"},{"taxonomy":"product_cat","embeddable":true,"href":"https:\/\/www.ordi.com\/index.php\/wp-json\/wp\/v2\/product_cat?post=774"},{"taxonomy":"product_tag","embeddable":true,"href":"https:\/\/www.ordi.com\/index.php\/wp-json\/wp\/v2\/product_tag?post=774"}],"curies":[{"name":"wp","href":"https:\/\/api.w.org\/{rel}","templated":true}]}}