{"id":786,"date":"2026-02-11T12:40:47","date_gmt":"2026-02-11T12:40:47","guid":{"rendered":"https:\/\/www.ordi.com\/?post_type=product&#038;p=786"},"modified":"2026-02-11T12:44:01","modified_gmt":"2026-02-11T12:44:01","slug":"performance-mk710-logitech","status":"publish","type":"product","link":"https:\/\/www.ordi.com\/index.php\/produit\/performance-mk710-logitech\/","title":{"rendered":"Performance MK710 Logitech"},"content":{"rendered":"<p>Ensemble clavier et souris con\u00e7u pour offrir confort, pr\u00e9cision et productivit\u00e9. clavier pleine taille int\u00e8gre des touches concaves sp\u00e9cialement \u00e9tudi\u00e9es pour guider naturellement les doigts et am\u00e9liorer la qualit\u00e9 de frappe, tandis que le repose poignets rembourr\u00e9 assure un excellent soutien lors des longues sessions de travail ou d\u2019\u00e9tude. Un \u00e9cran LCD int\u00e9gr\u00e9 permet de consulter rapidement l\u2019\u00e9tat de la batterie et les indicateurs essentiels sans interrompre votre activit\u00e9. La souris ergonomique incluse offre un suivi pr\u00e9cis, un d\u00e9filement ultra-rapide et plusieurs boutons programmables, id\u00e9ale pour naviguer efficacement dans les documents ou sur internet.<\/p>\n<p>Caract\u00e9ristiques :<\/p>\n<ul>\n<li>Touches concaves Logitech Incurve Keys<\/li>\n<li>Repose poignets rembourr\u00e9<\/li>\n<li>\u00c9cran LCD (niveau batterie, indicateurs)<\/li>\n<li>Inclinaison r\u00e9glable<\/li>\n<li>R\u00e9cepteur USB Logitech Unifying<\/li>\n<li>souris design ergonomique profil\u00e9<\/li>\n<li>Plusieurs boutons programmables sur la souris<\/li>\n<li>clavier et souris sans fil<\/li>\n<li>Autonomie jusqu\u2019\u00e0 3 ans<\/li>\n<\/ul>\n<p data-start=\"1346\" data-end=\"1591\">\n","protected":false},"excerpt":{"rendered":"<p>Ensemble clavier et souris con\u00e7u pour offrir confort, pr\u00e9cision et productivit\u00e9. clavier pleine taille int\u00e8gre des touches concaves sp\u00e9cialement \u00e9tudi\u00e9es pour guider naturellement les doigts et am\u00e9liorer la qualit\u00e9 de frappe, tandis que le repose poignets rembourr\u00e9 assure un excellent soutien lors des longues sessions de travail ou d\u2019\u00e9tude. Un \u00e9cran LCD int\u00e9gr\u00e9 permet de [&hellip;]<\/p>\n","protected":false},"featured_media":787,"template":"","meta":[],"product_brand":[255],"product_cat":[30,258,29],"product_tag":[],"class_list":{"0":"post-786","1":"product","2":"type-product","3":"status-publish","4":"has-post-thumbnail","6":"product_brand-logitech","7":"product_cat-claviers","8":"product_cat-peripheriques","9":"product_cat-souris","11":"first","12":"instock","13":"taxable","14":"shipping-taxable","15":"purchasable","16":"product-type-simple"},"_links":{"self":[{"href":"https:\/\/www.ordi.com\/index.php\/wp-json\/wp\/v2\/product\/786","targetHints":{"allow":["GET"]}}],"collection":[{"href":"https:\/\/www.ordi.com\/index.php\/wp-json\/wp\/v2\/product"}],"about":[{"href":"https:\/\/www.ordi.com\/index.php\/wp-json\/wp\/v2\/types\/product"}],"wp:featuredmedia":[{"embeddable":true,"href":"https:\/\/www.ordi.com\/index.php\/wp-json\/wp\/v2\/media\/787"}],"wp:attachment":[{"href":"https:\/\/www.ordi.com\/index.php\/wp-json\/wp\/v2\/media?parent=786"}],"wp:term":[{"taxonomy":"product_brand","embeddable":true,"href":"https:\/\/www.ordi.com\/index.php\/wp-json\/wp\/v2\/product_brand?post=786"},{"taxonomy":"product_cat","embeddable":true,"href":"https:\/\/www.ordi.com\/index.php\/wp-json\/wp\/v2\/product_cat?post=786"},{"taxonomy":"product_tag","embeddable":true,"href":"https:\/\/www.ordi.com\/index.php\/wp-json\/wp\/v2\/product_tag?post=786"}],"curies":[{"name":"wp","href":"https:\/\/api.w.org\/{rel}","templated":true}]}}