{"id":790,"date":"2026-02-11T13:28:24","date_gmt":"2026-02-11T13:28:24","guid":{"rendered":"https:\/\/www.ordi.com\/?post_type=product&#038;p=790"},"modified":"2026-02-12T08:59:14","modified_gmt":"2026-02-12T08:59:14","slug":"iiyama-prolite-xub2792hsu-w6-27-pouces-full-hd-ips","status":"publish","type":"product","link":"https:\/\/www.ordi.com\/index.php\/produit\/iiyama-prolite-xub2792hsu-w6-27-pouces-full-hd-ips\/","title":{"rendered":"iiyama ProLite XUB2792HSU-W6 &#8211; 27 pouces &#8211; Full HD &#8211; IPS"},"content":{"rendered":"<p>Caract\u00e9ristiques :<\/p>\n<ul>\n<li>Taille de l&rsquo;\u00e9cran: 68,6 cm (27&Prime;)<\/li>\n<li>R\u00e9solution de l&rsquo;\u00e9cran: 1920 x 1080<\/li>\n<li>Technologie d\u2019affichage: LED<\/li>\n<li>Temps de r\u00e9ponse: 0,4 ms<\/li>\n<li>Format d&rsquo;image: 16:9<\/li>\n<li>Haut-parleurs int\u00e9gr\u00e9s<\/li>\n<li>Concentrateur USB int\u00e9gr\u00e9<\/li>\n<li>R\u00e9glage de la hauteur<\/li>\n<li>Type HD: Full HD<\/li>\n<li>Montage VESA<\/li>\n<li>Connexions: \u00a0USB 3.2, HDMI, DisplayPort et Headphone-out<\/li>\n<li>taux de rafra\u00eechissement de 100Hz<\/li>\n<\/ul>\n","protected":false},"excerpt":{"rendered":"<p>Caract\u00e9ristiques : Taille de l&rsquo;\u00e9cran: 68,6 cm (27&Prime;) R\u00e9solution de l&rsquo;\u00e9cran: 1920 x 1080 Technologie d\u2019affichage: LED Temps de r\u00e9ponse: 0,4 ms Format d&rsquo;image: 16:9 Haut-parleurs int\u00e9gr\u00e9s Concentrateur USB int\u00e9gr\u00e9 R\u00e9glage de la hauteur Type HD: Full HD Montage VESA Connexions: \u00a0USB 3.2, HDMI, DisplayPort et Headphone-out taux de rafra\u00eechissement de 100Hz<\/p>\n","protected":false},"featured_media":791,"template":"","meta":[],"product_brand":[56],"product_cat":[33,258],"product_tag":[],"class_list":{"0":"post-790","1":"product","2":"type-product","3":"status-publish","4":"has-post-thumbnail","6":"product_brand-iiyama","7":"product_cat-ecrans","8":"product_cat-peripheriques","10":"first","11":"instock","12":"taxable","13":"shipping-taxable","14":"purchasable","15":"product-type-simple"},"_links":{"self":[{"href":"https:\/\/www.ordi.com\/index.php\/wp-json\/wp\/v2\/product\/790","targetHints":{"allow":["GET"]}}],"collection":[{"href":"https:\/\/www.ordi.com\/index.php\/wp-json\/wp\/v2\/product"}],"about":[{"href":"https:\/\/www.ordi.com\/index.php\/wp-json\/wp\/v2\/types\/product"}],"wp:featuredmedia":[{"embeddable":true,"href":"https:\/\/www.ordi.com\/index.php\/wp-json\/wp\/v2\/media\/791"}],"wp:attachment":[{"href":"https:\/\/www.ordi.com\/index.php\/wp-json\/wp\/v2\/media?parent=790"}],"wp:term":[{"taxonomy":"product_brand","embeddable":true,"href":"https:\/\/www.ordi.com\/index.php\/wp-json\/wp\/v2\/product_brand?post=790"},{"taxonomy":"product_cat","embeddable":true,"href":"https:\/\/www.ordi.com\/index.php\/wp-json\/wp\/v2\/product_cat?post=790"},{"taxonomy":"product_tag","embeddable":true,"href":"https:\/\/www.ordi.com\/index.php\/wp-json\/wp\/v2\/product_tag?post=790"}],"curies":[{"name":"wp","href":"https:\/\/api.w.org\/{rel}","templated":true}]}}