{"id":800,"date":"2026-02-13T08:17:39","date_gmt":"2026-02-13T08:17:39","guid":{"rendered":"https:\/\/www.ordi.com\/?post_type=product&#038;p=800"},"modified":"2026-02-13T08:27:21","modified_gmt":"2026-02-13T08:27:21","slug":"samsung-galaxy-a56-128gb-5g","status":"publish","type":"product","link":"https:\/\/www.ordi.com\/index.php\/produit\/samsung-galaxy-a56-128gb-5g\/","title":{"rendered":"Samsung Galaxy A56 &#8211; 128GB &#8211; 5G"},"content":{"rendered":"<p>Caract\u00e9ristiques :<\/p>\n<ul>\n<li>Syst\u00e8me d\u2019exploitation : android<\/li>\n<li>Processeur : exynos 1580 Octa-core<\/li>\n<li>Capacit\u00e9 de la m\u00e9moire : 128 GB<\/li>\n<li>RAM : 8 GB<\/li>\n<li>Taille de l\u2019\u00e9cran : 17,02cm (6,7\u2033)<\/li>\n<li>R\u00e9solution : 2340\u00d71080<\/li>\n<li>Fr\u00e9quence de rafra\u00eechissement maximale (Hz) : 120Hz<\/li>\n<li>\u00c9cran tactile<\/li>\n<\/ul>\n","protected":false},"excerpt":{"rendered":"<p>Caract\u00e9ristiques : Syst\u00e8me d\u2019exploitation : android Processeur : exynos 1580 Octa-core Capacit\u00e9 de la m\u00e9moire : 128 GB RAM : 8 GB Taille de l\u2019\u00e9cran : 17,02cm (6,7\u2033) R\u00e9solution : 2340\u00d71080 Fr\u00e9quence de rafra\u00eechissement maximale (Hz) : 120Hz \u00c9cran tactile<\/p>\n","protected":false},"featured_media":801,"template":"","meta":[],"product_brand":[52],"product_cat":[25],"product_tag":[],"class_list":{"0":"post-800","1":"product","2":"type-product","3":"status-publish","4":"has-post-thumbnail","6":"product_brand-samsung","7":"product_cat-smartphones","9":"first","10":"instock","11":"taxable","12":"shipping-taxable","13":"purchasable","14":"product-type-simple"},"_links":{"self":[{"href":"https:\/\/www.ordi.com\/index.php\/wp-json\/wp\/v2\/product\/800","targetHints":{"allow":["GET"]}}],"collection":[{"href":"https:\/\/www.ordi.com\/index.php\/wp-json\/wp\/v2\/product"}],"about":[{"href":"https:\/\/www.ordi.com\/index.php\/wp-json\/wp\/v2\/types\/product"}],"wp:featuredmedia":[{"embeddable":true,"href":"https:\/\/www.ordi.com\/index.php\/wp-json\/wp\/v2\/media\/801"}],"wp:attachment":[{"href":"https:\/\/www.ordi.com\/index.php\/wp-json\/wp\/v2\/media?parent=800"}],"wp:term":[{"taxonomy":"product_brand","embeddable":true,"href":"https:\/\/www.ordi.com\/index.php\/wp-json\/wp\/v2\/product_brand?post=800"},{"taxonomy":"product_cat","embeddable":true,"href":"https:\/\/www.ordi.com\/index.php\/wp-json\/wp\/v2\/product_cat?post=800"},{"taxonomy":"product_tag","embeddable":true,"href":"https:\/\/www.ordi.com\/index.php\/wp-json\/wp\/v2\/product_tag?post=800"}],"curies":[{"name":"wp","href":"https:\/\/api.w.org\/{rel}","templated":true}]}}